the second derivative of 31*q**4/12 - 5*q**3/6 - 2*q**2 - 13*q. List the prime factors of i(-1).
2
Let c(z) = 47*z**2 + 2*z - 2. Let m be c(-2). Suppose 4*t - m = 94. List the prime factors of t.
3, 23
Let c = 32 - 30. Let w(a) = -3 + 2 - 3*a + 14*a**2 + a**c. List the prime factors of w(-1).
17
Suppose -26*h = -25*h - 1573. Suppose 4*v - h = -9*v. List the prime factors of v.
11
Let q be 0/(-2 + 4) + (15 - 1). Let s(v) = v**3 - 14*v**2 + 5*v - 14. List the prime factors of s(q).
2, 7
Let d(u) = -5*u**2 + 15*u - 18. Let w(v) = v**3 - 11*v**2 + 29*v - 35. Let a(h) = -5*d(h) + 3*w(h). What are the prime factors of a(5)?
2, 5, 11
Let p(j) be the third derivative of j**6/120 - 2*j**5/5 + j**4/24 + 11*j**3/2 - 2*j**2 - 42. What are the prime factors of p(24)?
3, 19
Let b = -25 + 28. Suppose -r - 8 = -b*r. Suppose r*u - 22 = 142. List the prime factors of u.
41
Let m(k) = -2*k**2 - 2*k + 2. Let x be m(3). Let o = 22 + x. Suppose -3*u + 4*q + 92 = 0, o*q = 4*u + 3*q - 106. List the prime factors of u.
2, 7
Let r(b) = -21*b - 1. Let u(z) = 41*z + 2. Let g(q) = -5*r(q) - 2*u(q). Let j be g(1). Suppose j = a + a. What are the prime factors of a?
2, 3
Let t(l) = -3*l**3 - 8*l**2 - 11*l - 6. What are the prime factors of t(-7)?
2, 3, 59
Let p(y) = 15*y**2 - 10*y - 9. Let u = -30 + 29. List the prime factors of p(u).
2
Let t be 6/(((-6)/8)/1). Let h = t + 54. What are the prime factors of h?
2, 23
Suppose 0 = 4*z - 4*k + 20, 5*k = -5 - 0. Let x(n) = -8*n - 11. List the prime factors of x(z).
37
Let z be (3 - 4)*2 - -2. Suppose z = 8*r - 2*r - 462. List the prime factors of r.
7, 11
Suppose -10*n - 129 = -11*n. Suppose -2*x + n = -17. What are the prime factors of x?
73
Suppose -2*d + 26 = 4*w, -4*w + 3*d + 1 = -0*w. Let m(k) = -6 - w + 4*k + 2*k + k. List the prime factors of m(6).
2
Suppose 2*v = 9 + 9. Let q be (-47)/(-9) - 2/v. Suppose -q*c - 50 = -3*g, -5*g + 2*g + 70 = -c. What are the prime factors of g?
5
Suppose 4*d + 0 = m - 1, -2*d - 5*m = -5. Let w = 59 - d. Suppose 116 = 5*o - w. List the prime factors of o.
5, 7
Let w = 489 + -302. List the prime factors of w.
11, 17
Let j = -196 + 198. Suppose 3*m = -2*i + 206 - 721, -5*m = -5*i - 1325. What are the prime factors of i/(-4) + (-1)/j?
5, 13
Let g(o) be the second derivative of -o**4/12 - 11*o**3/6 + 2*o**2 - o. What are the prime factors of g(-8)?
2, 7
Suppose 0 = 4*k - 4 - 20. Suppose -z = 4*l - 33 + 21, 5*z + l = 3. Suppose -k*w + 5*w + 5 = z. List the prime factors of w.
5
Suppose 0 = 12*z - 8*z + 1260. List the prime factors of (-5)/(-20) - (z/12)/3.
3
Let u be -2 + (-14)/(0 - 2). Suppose 4*l - 168 = -5*b + 3*b, 0 = u*b + 3*l - 420. List the prime factors of b.
2, 3, 7
Suppose -11*n + 7*n = 128. List the prime factors of ((-258)/8)/(((-42)/n)/(-7)).
2, 43
Suppose -5*y - 91 = 2*w, -3*w - 2*w - 4*y = 202. Let m = 7 - w. What are the prime factors of m?
3, 5
Let k(u) = -u**3 + 163*u + 0*u**3 + 1 - 2*u**3 - 154*u + 5*u**2. List the prime factors of k(-2).
3
List the prime factors of (14/4)/(-6*6/(-10152)).
3, 7, 47
Let g(m) = m - 1. Let c(y) = -7*y - 3. Let z(r) = c(r) + 6*g(r). Let l be z(-6). What are the prime factors of l/4 + 546/24?
2, 11
Suppose 2*h + 10 = 4*h. Suppose 1 - 6 = q + h*k, -4*k + 44 = 4*q. What are the prime factors of q?
3, 5
Let w(h) = 2*h**2 + h - 6. Let o(i) = 3*i**2 + 2*i - 12. Let d(l) = -3*o(l) + 5*w(l). List the prime factors of d(6).
2, 3
Suppose 0 = 109*k - 107*k + 48. What are the prime factors of 18/k*4 - -332?
7, 47
Suppose 0 = -20*d + 16*d + 1804. What are the prime factors of d?
11, 41
Let g(r) = 1 - 1 - 2 - 2*r + 5*r**2. What are the prime factors of g(4)?
2, 5, 7
Suppose 0 = 3*m - m. List the prime factors of -5*(m - -1)*232/(-8).
5, 29
Suppose 5*l = 2*x + 25, -1 = -l + 4. Suppose x = h - 3, 249 = 4*w - 2*h - 245. What are the prime factors of w?
5
Let c(i) = 4*i**2 + 8*i + 10. Suppose 4 = h, -4*w - 32 = h - 4*h. List the prime factors of c(w).
2, 5, 7
Let b = -725 + 356. Let u = -245 - b. What are the prime factors of u?
2, 31
Suppose -q = 3 - 8. What are the prime factors of (q/(-10))/((-1)/176)?
2, 11
Let z = -6 - -1992. What are the prime factors of z?
2, 3, 331
Suppose 279 = 8*z - 5*z. Suppose -z = 10*u - 13*u. List the prime factors of u.
31
Let h(s) = 7*s + 22. Let l be h(-21). Let v = l + 328. List the prime factors of v.
7, 29
Let g be 70 + (-2 + 1)*(6 - 4). Let k = 36 + g. What are the prime factors of k?
2, 13
List the prime factors of (-18183)/(-9) + 7/(-21).
2, 5, 101
Let z(k) = -5*k**3 - 3*k**2 - 3*k - 5. Let n be z(-4). Let o = n + -164. Suppose 5*x + 5*d - o = 0, -2*x + 0*d - d = -48. List the prime factors of x.
5
Suppose 2 + 2 = -4*q, -5*w = 4*q - 96. List the prime factors of w.
2, 5
Suppose 0*d = 5*d - 0*d. Suppose 0 = 4*i - 3*p - 708, 3*i = -d*p + 2*p + 530. What are the prime factors of i?
2, 3, 29
Let d = 1137 - 917. What are the prime factors of d?
2, 5, 11
Suppose -y = -0*y + 302. Let v be y/10 + (-1)/(-5). Let m = v - -42. What are the prime factors of m?
2, 3
Let q = -846 - -1786. What are the prime factors of q?
2, 5, 47
Suppose -9*o + 3094 = -20297. List the prime factors of o.
23, 113
Let d(z) be the second derivative of -z**4/12 + 5*z**3/6 + 6*z**2 + 8*z. Let p be d(8). What are the prime factors of (-2)/(-8) - 573/p?
2, 3
Suppose -9*y + 5*y - 76 = 0. Let a(p) = 3*p**2 - 4*p. Let j be a(4). Let w = y + j. List the prime factors of w.
13
Suppose 0 = x + o - 185, -2*o = x - 3*o - 177. Suppose 5*z + 11 + 76 = l, -3*l = 5*z - x. List the prime factors of l.
67
List the prime factors of -1 - -6 - (9 + -2288).
2, 571
What are the prime factors of (-122)/4*-3*(-17 - -19)?
3, 61
Let y = -101 - -311. What are the prime factors of y?
2, 3, 5, 7
Let d = -140 - -197. Let j = d - 38. What are the prime factors of j?
19
Suppose 2*p - 305 = 617. List the prime factors of p.
461
Suppose 0 = j - 9*j + 992. Let o = j - 62. List the prime factors of o.
2, 31
Let g(v) = v**3 - 6*v**2 + 9*v - 2. Let r be g(6). Suppose 0 = -55*d + r*d + 303. List the prime factors of d.
101
Let s(y) = y**2 + 19*y + 41. Let l be s(-17). Suppose 0 = -l*t - 3*t + 850. What are the prime factors of t?
5, 17
Let k be (-1 - -1*9)*(-2)/1. What are the prime factors of k*(-13)/((0 - -2)*2)?
2, 13
Let k(g) = -2*g + 16. Let i be k(11). What are the prime factors of (((-1995)/i)/5 + 3)*2?
139
Let p(z) = 4*z**2 - z - 3. Let g be ((-2)/(-4))/((-9)/(-36)). Let c be (-8 - 1)*g/(-6). What are the prime factors of p(c)?
2, 3, 5
Let a(v) = -15*v + 6. Let f be a(-6). Let s = 17 + f. What are the prime factors of s?
113
Let l(p) = 14*p + 24. List the prime factors of l(2).
2, 13
Suppose -2*b - 4*w + 1706 = 0, -3*b + 10*w - 8*w = -2543. What are the prime factors of b?
3, 283
Suppose 0*c = 2*c - 136. Suppose -y = -4*y + 4*z - 104, -4*y + z = 130. Let d = c + y. What are the prime factors of d?
2, 3
List the prime factors of ((-2)/5)/(3/(24255/(-11))).
2, 3, 7
Let u be 1655/120*4 + (-2)/12. Suppose 0 = 2*x - u - 35. What are the prime factors of x?
3, 5
Suppose 0 = o - 4*o + 6. Suppose o*i - 6*i - 2*y + 240 = 0, -66 = -i + y. List the prime factors of i.
2, 31
Let a(f) = -8*f - 6. Let t = -30 - -23. What are the prime factors of a(t)?
2, 5
Suppose 3*z + 3*z + 108 = 0. Let o be (2/(-4))/(z/36). What are the prime factors of (-5)/(-1) - o - 2?
2
Let g = 6 + -4. Suppose -g*t - 297 = t. Let l = -66 - t. List the prime factors of l.
3, 11
Let w = 13 - 13. Suppose w = -3*i + f + 3, 3*i + 4*f = -i + 20. What are the prime factors of (i + 22)*6/4?
2, 3
Let r = 0 - 12. Let s(o) = -6*o + 10. List the prime factors of s(r).
2, 41
Suppose 0 = -3*m - 9, 2*j + m = 2*m + 327. Suppose -3*a = -j + 12. List the prime factors of a.
2, 5
Let u be 10/(-3)*(-6)/4. Suppose 43 - 133 = -u*x. What are the prime factors of (-1250)/(-45) - (-4)/x?
2, 7
Let r(y) = -264*y + 13. Let j be r(-13). Suppose -18*i + j = -173. List the prime factors of i.
3, 67
Let a be 4/(-4 - -8 - 2). Let b(c) = c**2 + 29*c - 26*c + c**a - c**2 + 2. List the prime factors of b(5).
2, 3, 7
Let k be (-2190)/(-14) + 7/98*-6. Suppose 4*q + k = 4*s, -4*s + s = -q - 111. What are the prime factors of s?
2, 3
Let a = 2237 + -1301. List the prime factors of a.
2, 3, 13
Suppose 0 = 2*u + 6, -3*u - 3 = 4*a + 6. Suppose a = -2*k + k. Suppose d -